{"id":343,"date":"2019-12-09T19:35:47","date_gmt":"2019-12-09T22:35:47","guid":{"rendered":"https:\/\/fiestanacionaldelchamame.com\/?page_id=343"},"modified":"2026-01-08T15:28:41","modified_gmt":"2026-01-08T18:28:41","slug":"venta-de-entradas","status":"publish","type":"page","link":"https:\/\/fiestanacionaldelchamame.com.ar\/?page_id=343","title":{"rendered":"Entradas"},"content":{"rendered":"\n<h2 class=\"wp-block-heading has-text-align-center has-orange-color has-text-color\"><a href=\"https:\/\/weepas.ar\/\" target=\"_blank\" rel=\"noreferrer noopener\">COMPRAR ENTRADAS ONLINE<\/a><\/h2>\n\n\n\n<p>Las entradas ya se pueden comprar de manera online para asistir a las 10 noches de celebraci\u00f3n chamamecera.<\/p>\n\n\n\n<figure class=\"wp-block-image size-large\"><img fetchpriority=\"high\" decoding=\"async\" width=\"1024\" height=\"343\" src=\"https:\/\/fiestanacionaldelchamame.com.ar\/wp-content\/uploads\/2026\/01\/cropped-Front-web-1024x343.png\" alt=\"\" class=\"wp-image-1834\" srcset=\"https:\/\/fiestanacionaldelchamame.com.ar\/wp-content\/uploads\/2026\/01\/cropped-Front-web-1024x343.png 1024w, https:\/\/fiestanacionaldelchamame.com.ar\/wp-content\/uploads\/2026\/01\/cropped-Front-web-300x100.png 300w, https:\/\/fiestanacionaldelchamame.com.ar\/wp-content\/uploads\/2026\/01\/cropped-Front-web-768x257.png 768w, https:\/\/fiestanacionaldelchamame.com.ar\/wp-content\/uploads\/2026\/01\/cropped-Front-web-850x284.png 850w, https:\/\/fiestanacionaldelchamame.com.ar\/wp-content\/uploads\/2026\/01\/cropped-Front-web.png 1500w\" sizes=\"(max-width: 1024px) 100vw, 1024px\" \/><\/figure>\n\n\n\n<h2 class=\"wp-block-heading\"><strong> Venta de entradas<\/strong><\/h2>\n\n\n\n<p>Las entradas a la 35\u00aa Fiesta Nacional del Chamam\u00e9 estar\u00e1n a la venta a partir del viernes 9 de enero mediante la ticketera&nbsp;<a href=\"http:\/\/weepas.ar\/\" target=\"_blank\" rel=\"noreferrer noopener\">weepas.ar<\/a>, y en puntos de venta f\u00edsicos: Teatro Oficial Juan de Vera, San Juan 637, de 9 a 17 hs. y en boleter\u00eda del Anfiteatro Mario del Tr\u00e1nsito Cocomarola, del 16 al 25, desde las 19 hs.<\/p>\n\n\n\n<p> Las mismas tendr\u00e1n un costo de $7.000 con l\u00edmite de ingreso hasta las 21.30 hs y a $9.000 para quienes deseen ingresar sin l\u00edmite horario<\/p>\n\n\n\n<h2 class=\"wp-block-heading\">El link de compras es el siguiente:<\/h2>\n\n\n\n<p><a href=\"https:\/\/weepas.ar\/\">https:\/\/weepas.ar\/<\/a><\/p>\n\n\n\n<p><\/p>\n","protected":false},"excerpt":{"rendered":"<p>COMPRAR ENTRADAS ONLINE Las entradas ya se pueden comprar de manera online para asistir a las 10 noches de celebraci\u00f3n chamamecera. Venta de entradas Las entradas a la 35\u00aa Fiesta Nacional del Chamam\u00e9 estar\u00e1n a la venta a partir del viernes 9 de enero mediante la ticketera&nbsp;weepas.ar, y en puntos de venta f\u00edsicos: Teatro Oficial&#8230;<\/p>\n","protected":false},"author":1,"featured_media":0,"parent":0,"menu_order":0,"comment_status":"closed","ping_status":"closed","template":"","meta":{"footnotes":""},"class_list":["post-343","page","type-page","status-publish","hentry"],"_links":{"self":[{"href":"https:\/\/fiestanacionaldelchamame.com.ar\/index.php?rest_route=\/wp\/v2\/pages\/343","targetHints":{"allow":["GET"]}}],"collection":[{"href":"https:\/\/fiestanacionaldelchamame.com.ar\/index.php?rest_route=\/wp\/v2\/pages"}],"about":[{"href":"https:\/\/fiestanacionaldelchamame.com.ar\/index.php?rest_route=\/wp\/v2\/types\/page"}],"author":[{"embeddable":true,"href":"https:\/\/fiestanacionaldelchamame.com.ar\/index.php?rest_route=\/wp\/v2\/users\/1"}],"replies":[{"embeddable":true,"href":"https:\/\/fiestanacionaldelchamame.com.ar\/index.php?rest_route=%2Fwp%2Fv2%2Fcomments&post=343"}],"version-history":[{"count":23,"href":"https:\/\/fiestanacionaldelchamame.com.ar\/index.php?rest_route=\/wp\/v2\/pages\/343\/revisions"}],"predecessor-version":[{"id":1851,"href":"https:\/\/fiestanacionaldelchamame.com.ar\/index.php?rest_route=\/wp\/v2\/pages\/343\/revisions\/1851"}],"wp:attachment":[{"href":"https:\/\/fiestanacionaldelchamame.com.ar\/index.php?rest_route=%2Fwp%2Fv2%2Fmedia&parent=343"}],"curies":[{"name":"wp","href":"https:\/\/api.w.org\/{rel}","templated":true}]}}