{"id":1897,"date":"2026-01-16T20:59:18","date_gmt":"2026-01-16T23:59:18","guid":{"rendered":"https:\/\/fiestanacionaldelchamame.com.ar\/?page_id=1897"},"modified":"2026-01-25T16:41:45","modified_gmt":"2026-01-25T19:41:45","slug":"1-sapukay","status":"publish","type":"page","link":"https:\/\/fiestanacionaldelchamame.com.ar\/?page_id=1897","title":{"rendered":"VER EN VIVO"},"content":{"rendered":"\n<h2 class=\"wp-block-heading\">25 de Enero 2026 &#8211; Anfiteatro Mario del Tr\u00e1nsito Cocomarola<\/h2>\n\n\n\n<figure class=\"wp-block-embed is-type-video is-provider-youtube wp-block-embed-youtube wp-embed-aspect-4-3 wp-has-aspect-ratio\"><div class=\"wp-block-embed__wrapper\">\n<iframe title=\"Fiesta Nacional Del Chamam\u00e9 2026 | D\u00e9cima Noche.\" width=\"640\" height=\"480\" src=\"https:\/\/www.youtube.com\/embed\/plVxkRqWda0?feature=oembed\" frameborder=\"0\" allow=\"accelerometer; autoplay; clipboard-write; encrypted-media; gyroscope; picture-in-picture; web-share\" referrerpolicy=\"strict-origin-when-cross-origin\" allowfullscreen><\/iframe>\n<\/div><\/figure>\n\n\n\n<h2 class=\"wp-block-heading\">24 de Enero 2026 &#8211; Anfiteatro Mario del Tr\u00e1nsito Cocomarola<\/h2>\n\n\n\n<figure class=\"wp-block-embed is-type-video is-provider-youtube wp-block-embed-youtube wp-embed-aspect-4-3 wp-has-aspect-ratio\"><div class=\"wp-block-embed__wrapper\">\n<iframe title=\"Fiesta Nacional Del Chamam\u00e9 2026 | Novena Noche.\" width=\"640\" height=\"480\" src=\"https:\/\/www.youtube.com\/embed\/JiWgflO6cu8?feature=oembed\" frameborder=\"0\" allow=\"accelerometer; autoplay; clipboard-write; encrypted-media; gyroscope; picture-in-picture; web-share\" referrerpolicy=\"strict-origin-when-cross-origin\" allowfullscreen><\/iframe>\n<\/div><\/figure>\n\n\n\n<h2 class=\"wp-block-heading\">23 de Enero 2026 &#8211; Anfiteatro Mario del Tr\u00e1nsito Cocomarola<\/h2>\n\n\n\n<figure class=\"wp-block-embed is-type-video is-provider-youtube wp-block-embed-youtube wp-embed-aspect-16-9 wp-has-aspect-ratio\"><div class=\"wp-block-embed__wrapper\">\n<iframe title=\"Fiesta Nacional Del Chamam\u00e9 2026 | Octava Noche.\" width=\"640\" height=\"360\" src=\"https:\/\/www.youtube.com\/embed\/nDTKvDMKlUc?feature=oembed\" frameborder=\"0\" allow=\"accelerometer; autoplay; clipboard-write; encrypted-media; gyroscope; picture-in-picture; web-share\" referrerpolicy=\"strict-origin-when-cross-origin\" allowfullscreen><\/iframe>\n<\/div><\/figure>\n\n\n\n<h2 class=\"wp-block-heading\">22 de Enero 2026 &#8211; Anfiteatro Mario del Tr\u00e1nsito Cocomarola<\/h2>\n\n\n\n<figure class=\"wp-block-embed is-type-video is-provider-youtube wp-block-embed-youtube wp-embed-aspect-4-3 wp-has-aspect-ratio\"><div class=\"wp-block-embed__wrapper\">\n<iframe title=\"Fiesta Nacional Del Chamam\u00e9 2026 | S\u00e9ptima Noche.\" width=\"640\" height=\"360\" src=\"https:\/\/www.youtube.com\/embed\/QI9QPpRR38E?feature=oembed\" frameborder=\"0\" allow=\"accelerometer; autoplay; clipboard-write; encrypted-media; gyroscope; picture-in-picture; web-share\" referrerpolicy=\"strict-origin-when-cross-origin\" allowfullscreen><\/iframe>\n<\/div><\/figure>\n\n\n\n<h2 class=\"wp-block-heading\">21 de Enero 2026 &#8211; Anfiteatro Mario del Tr\u00e1nsito Cocomarola<\/h2>\n\n\n\n<figure class=\"wp-block-embed is-type-video is-provider-youtube wp-block-embed-youtube wp-embed-aspect-4-3 wp-has-aspect-ratio\"><div class=\"wp-block-embed__wrapper\">\n<iframe title=\"Fiesta Nacional Del Chamam\u00e9 2026 | Sexta Noche.\" width=\"640\" height=\"360\" src=\"https:\/\/www.youtube.com\/embed\/T-KduLFNLPE?feature=oembed\" frameborder=\"0\" allow=\"accelerometer; autoplay; clipboard-write; encrypted-media; gyroscope; picture-in-picture; web-share\" referrerpolicy=\"strict-origin-when-cross-origin\" allowfullscreen><\/iframe>\n<\/div><\/figure>\n\n\n\n<h2 class=\"wp-block-heading\">20 de Enero 2026 &#8211; Anfiteatro Mario del Tr\u00e1nsito Cocomarola<\/h2>\n\n\n\n<figure class=\"wp-block-embed is-type-video is-provider-youtube wp-block-embed-youtube wp-embed-aspect-4-3 wp-has-aspect-ratio\"><div class=\"wp-block-embed__wrapper\">\n<iframe title=\"Fiesta Nacional Del Chamam\u00e9 2026 | Quinta Noche.\" width=\"640\" height=\"360\" src=\"https:\/\/www.youtube.com\/embed\/4Q4gRQbi0kk?feature=oembed\" frameborder=\"0\" allow=\"accelerometer; autoplay; clipboard-write; encrypted-media; gyroscope; picture-in-picture; web-share\" referrerpolicy=\"strict-origin-when-cross-origin\" allowfullscreen><\/iframe>\n<\/div><\/figure>\n\n\n\n<h2 class=\"wp-block-heading\">19 de Enero 2026 &#8211; Anfiteatro Mario del Tr\u00e1nsito Cocomarola<\/h2>\n\n\n\n<figure class=\"wp-block-embed is-type-video is-provider-youtube wp-block-embed-youtube wp-embed-aspect-16-9 wp-has-aspect-ratio\"><div class=\"wp-block-embed__wrapper\">\n<iframe title=\"Fiesta Nacional Del Chamam\u00e9 2026 | Cuarta Noche.\" width=\"640\" height=\"360\" src=\"https:\/\/www.youtube.com\/embed\/KDzhKmSJDYY?feature=oembed\" frameborder=\"0\" allow=\"accelerometer; autoplay; clipboard-write; encrypted-media; gyroscope; picture-in-picture; web-share\" referrerpolicy=\"strict-origin-when-cross-origin\" allowfullscreen><\/iframe>\n<\/div><\/figure>\n\n\n\n<h2 class=\"wp-block-heading\">18 de Enero 2026 &#8211; Anfiteatro Mario del Tr\u00e1nsito Cocomarola<\/h2>\n\n\n\n<figure class=\"wp-block-embed is-type-video is-provider-youtube wp-block-embed-youtube wp-embed-aspect-4-3 wp-has-aspect-ratio\"><div class=\"wp-block-embed__wrapper\">\n<iframe title=\"Fiesta Nacional Del Chamam\u00e9 2026 | Tercera Noche.\" width=\"640\" height=\"360\" src=\"https:\/\/www.youtube.com\/embed\/qVAFhjxWqwE?feature=oembed\" frameborder=\"0\" allow=\"accelerometer; autoplay; clipboard-write; encrypted-media; gyroscope; picture-in-picture; web-share\" referrerpolicy=\"strict-origin-when-cross-origin\" allowfullscreen><\/iframe>\n<\/div><\/figure>\n\n\n\n<h2 class=\"wp-block-heading\">17 de Enero 2026 &#8211; Anfiteatro Mario del Tr\u00e1nsito Cocomarola<\/h2>\n\n\n\n<figure class=\"wp-block-embed is-type-video is-provider-youtube wp-block-embed-youtube wp-embed-aspect-16-9 wp-has-aspect-ratio\"><div class=\"wp-block-embed__wrapper\">\n<iframe title=\"Fiesta Nacional Del Chamam\u00e9 2026 | Segunda Noche.\" width=\"640\" height=\"360\" src=\"https:\/\/www.youtube.com\/embed\/_ZMaPIfVC8U?feature=oembed\" frameborder=\"0\" allow=\"accelerometer; autoplay; clipboard-write; encrypted-media; gyroscope; picture-in-picture; web-share\" referrerpolicy=\"strict-origin-when-cross-origin\" allowfullscreen><\/iframe>\n<\/div><\/figure>\n\n\n\n<h2 class=\"wp-block-heading\">16 de Enero 2026 &#8211; Anfiteatro Mario del Tr\u00e1nsito Cocomarola<\/h2>\n\n\n\n<figure class=\"wp-block-embed is-type-video is-provider-youtube wp-block-embed-youtube wp-embed-aspect-4-3 wp-has-aspect-ratio\"><div class=\"wp-block-embed__wrapper\">\n<iframe title=\"Fiesta Nacional Del Chamam\u00e9 2026 | Primera Noche.\" width=\"640\" height=\"360\" src=\"https:\/\/www.youtube.com\/embed\/1i6Z2Wh7aZU?feature=oembed\" frameborder=\"0\" allow=\"accelerometer; autoplay; clipboard-write; encrypted-media; gyroscope; picture-in-picture; web-share\" referrerpolicy=\"strict-origin-when-cross-origin\" allowfullscreen><\/iframe>\n<\/div><\/figure>\n","protected":false},"excerpt":{"rendered":"<p>25 de Enero 2026 &#8211; Anfiteatro Mario del Tr\u00e1nsito Cocomarola 24 de Enero 2026 &#8211; Anfiteatro Mario del Tr\u00e1nsito Cocomarola 23 de Enero 2026 &#8211; Anfiteatro Mario del Tr\u00e1nsito Cocomarola 22 de Enero 2026 &#8211; Anfiteatro Mario del Tr\u00e1nsito Cocomarola 21 de Enero 2026 &#8211; Anfiteatro Mario del Tr\u00e1nsito Cocomarola 20 de Enero 2026 &#8211;&#8230;<\/p>\n","protected":false},"author":1,"featured_media":0,"parent":0,"menu_order":0,"comment_status":"closed","ping_status":"closed","template":"elementor_header_footer","meta":{"footnotes":""},"class_list":["post-1897","page","type-page","status-publish","hentry"],"_links":{"self":[{"href":"https:\/\/fiestanacionaldelchamame.com.ar\/index.php?rest_route=\/wp\/v2\/pages\/1897","targetHints":{"allow":["GET"]}}],"collection":[{"href":"https:\/\/fiestanacionaldelchamame.com.ar\/index.php?rest_route=\/wp\/v2\/pages"}],"about":[{"href":"https:\/\/fiestanacionaldelchamame.com.ar\/index.php?rest_route=\/wp\/v2\/types\/page"}],"author":[{"embeddable":true,"href":"https:\/\/fiestanacionaldelchamame.com.ar\/index.php?rest_route=\/wp\/v2\/users\/1"}],"replies":[{"embeddable":true,"href":"https:\/\/fiestanacionaldelchamame.com.ar\/index.php?rest_route=%2Fwp%2Fv2%2Fcomments&post=1897"}],"version-history":[{"count":11,"href":"https:\/\/fiestanacionaldelchamame.com.ar\/index.php?rest_route=\/wp\/v2\/pages\/1897\/revisions"}],"predecessor-version":[{"id":1963,"href":"https:\/\/fiestanacionaldelchamame.com.ar\/index.php?rest_route=\/wp\/v2\/pages\/1897\/revisions\/1963"}],"wp:attachment":[{"href":"https:\/\/fiestanacionaldelchamame.com.ar\/index.php?rest_route=%2Fwp%2Fv2%2Fmedia&parent=1897"}],"curies":[{"name":"wp","href":"https:\/\/api.w.org\/{rel}","templated":true}]}}

<h2 class="wp-block-heading">25 de Enero 2026 &#8211; Anfiteatro Mario del Tránsito Cocomarola</h2>



<figure class="wp-block-embed is-type-video is-provider-youtube wp-block-embed-youtube wp-embed-aspect-4-3 wp-has-aspect-ratio"><div class="wp-block-embed__wrapper">
<iframe title="Fiesta Nacional Del Chamamé 2026 | Décima Noche." width="640" height="480" src="https://www.youtube.com/embed/plVxkRqWda0?feature=oembed" frameborder="0" allow="accelerometer; autoplay; clipboard-write; encrypted-media; gyroscope; picture-in-picture; web-share" referrerpolicy="strict-origin-when-cross-origin" allowfullscreen></iframe>
</div></figure>



<h2 class="wp-block-heading">24 de Enero 2026 &#8211; Anfiteatro Mario del Tránsito Cocomarola</h2>



<figure class="wp-block-embed is-type-video is-provider-youtube wp-block-embed-youtube wp-embed-aspect-4-3 wp-has-aspect-ratio"><div class="wp-block-embed__wrapper">
<iframe title="Fiesta Nacional Del Chamamé 2026 | Novena Noche." width="640" height="480" src="https://www.youtube.com/embed/JiWgflO6cu8?feature=oembed" frameborder="0" allow="accelerometer; autoplay; clipboard-write; encrypted-media; gyroscope; picture-in-picture; web-share" referrerpolicy="strict-origin-when-cross-origin" allowfullscreen></iframe>
</div></figure>



<h2 class="wp-block-heading">23 de Enero 2026 &#8211; Anfiteatro Mario del Tránsito Cocomarola</h2>



<figure class="wp-block-embed is-type-video is-provider-youtube wp-block-embed-youtube wp-embed-aspect-16-9 wp-has-aspect-ratio"><div class="wp-block-embed__wrapper">
<iframe title="Fiesta Nacional Del Chamamé 2026 | Octava Noche." width="640" height="360" src="https://www.youtube.com/embed/nDTKvDMKlUc?feature=oembed" frameborder="0" allow="accelerometer; autoplay; clipboard-write; encrypted-media; gyroscope; picture-in-picture; web-share" referrerpolicy="strict-origin-when-cross-origin" allowfullscreen></iframe>
</div></figure>



<h2 class="wp-block-heading">22 de Enero 2026 &#8211; Anfiteatro Mario del Tránsito Cocomarola</h2>



<figure class="wp-block-embed is-type-video is-provider-youtube wp-block-embed-youtube wp-embed-aspect-4-3 wp-has-aspect-ratio"><div class="wp-block-embed__wrapper">
<iframe title="Fiesta Nacional Del Chamamé 2026 | Séptima Noche." width="640" height="360" src="https://www.youtube.com/embed/QI9QPpRR38E?feature=oembed" frameborder="0" allow="accelerometer; autoplay; clipboard-write; encrypted-media; gyroscope; picture-in-picture; web-share" referrerpolicy="strict-origin-when-cross-origin" allowfullscreen></iframe>
</div></figure>



<h2 class="wp-block-heading">21 de Enero 2026 &#8211; Anfiteatro Mario del Tránsito Cocomarola</h2>



<figure class="wp-block-embed is-type-video is-provider-youtube wp-block-embed-youtube wp-embed-aspect-4-3 wp-has-aspect-ratio"><div class="wp-block-embed__wrapper">
<iframe title="Fiesta Nacional Del Chamamé 2026 | Sexta Noche." width="640" height="360" src="https://www.youtube.com/embed/T-KduLFNLPE?feature=oembed" frameborder="0" allow="accelerometer; autoplay; clipboard-write; encrypted-media; gyroscope; picture-in-picture; web-share" referrerpolicy="strict-origin-when-cross-origin" allowfullscreen></iframe>
</div></figure>



<h2 class="wp-block-heading">20 de Enero 2026 &#8211; Anfiteatro Mario del Tránsito Cocomarola</h2>



<figure class="wp-block-embed is-type-video is-provider-youtube wp-block-embed-youtube wp-embed-aspect-4-3 wp-has-aspect-ratio"><div class="wp-block-embed__wrapper">
<iframe title="Fiesta Nacional Del Chamamé 2026 | Quinta Noche." width="640" height="360" src="https://www.youtube.com/embed/4Q4gRQbi0kk?feature=oembed" frameborder="0" allow="accelerometer; autoplay; clipboard-write; encrypted-media; gyroscope; picture-in-picture; web-share" referrerpolicy="strict-origin-when-cross-origin" allowfullscreen></iframe>
</div></figure>



<h2 class="wp-block-heading">19 de Enero 2026 &#8211; Anfiteatro Mario del Tránsito Cocomarola</h2>



<figure class="wp-block-embed is-type-video is-provider-youtube wp-block-embed-youtube wp-embed-aspect-16-9 wp-has-aspect-ratio"><div class="wp-block-embed__wrapper">
<iframe title="Fiesta Nacional Del Chamamé 2026 | Cuarta Noche." width="640" height="360" src="https://www.youtube.com/embed/KDzhKmSJDYY?feature=oembed" frameborder="0" allow="accelerometer; autoplay; clipboard-write; encrypted-media; gyroscope; picture-in-picture; web-share" referrerpolicy="strict-origin-when-cross-origin" allowfullscreen></iframe>
</div></figure>



<h2 class="wp-block-heading">18 de Enero 2026 &#8211; Anfiteatro Mario del Tránsito Cocomarola</h2>



<figure class="wp-block-embed is-type-video is-provider-youtube wp-block-embed-youtube wp-embed-aspect-4-3 wp-has-aspect-ratio"><div class="wp-block-embed__wrapper">
<iframe title="Fiesta Nacional Del Chamamé 2026 | Tercera Noche." width="640" height="360" src="https://www.youtube.com/embed/qVAFhjxWqwE?feature=oembed" frameborder="0" allow="accelerometer; autoplay; clipboard-write; encrypted-media; gyroscope; picture-in-picture; web-share" referrerpolicy="strict-origin-when-cross-origin" allowfullscreen></iframe>
</div></figure>



<h2 class="wp-block-heading">17 de Enero 2026 &#8211; Anfiteatro Mario del Tránsito Cocomarola</h2>



<figure class="wp-block-embed is-type-video is-provider-youtube wp-block-embed-youtube wp-embed-aspect-16-9 wp-has-aspect-ratio"><div class="wp-block-embed__wrapper">
<iframe title="Fiesta Nacional Del Chamamé 2026 | Segunda Noche." width="640" height="360" src="https://www.youtube.com/embed/_ZMaPIfVC8U?feature=oembed" frameborder="0" allow="accelerometer; autoplay; clipboard-write; encrypted-media; gyroscope; picture-in-picture; web-share" referrerpolicy="strict-origin-when-cross-origin" allowfullscreen></iframe>
</div></figure>



<h2 class="wp-block-heading">16 de Enero 2026 &#8211; Anfiteatro Mario del Tránsito Cocomarola</h2>



<figure class="wp-block-embed is-type-video is-provider-youtube wp-block-embed-youtube wp-embed-aspect-4-3 wp-has-aspect-ratio"><div class="wp-block-embed__wrapper">
<iframe title="Fiesta Nacional Del Chamamé 2026 | Primera Noche." width="640" height="360" src="https://www.youtube.com/embed/1i6Z2Wh7aZU?feature=oembed" frameborder="0" allow="accelerometer; autoplay; clipboard-write; encrypted-media; gyroscope; picture-in-picture; web-share" referrerpolicy="strict-origin-when-cross-origin" allowfullscreen></iframe>
</div></figure>

<p>25 de Enero 2026 &#8211; Anfiteatro Mario del Tránsito Cocomarola 24 de Enero 2026 &#8211; Anfiteatro Mario del Tránsito Cocomarola 23 de Enero 2026 &#8211; Anfiteatro Mario del Tránsito Cocomarola 22 de Enero 2026 &#8211; Anfiteatro Mario del Tránsito Cocomarola 21 de Enero 2026 &#8211; Anfiteatro Mario del Tránsito Cocomarola 20 de Enero 2026 &#8211;&#8230;</p>
